{"id":1268,"date":"2010-10-28T18:37:39","date_gmt":"2010-10-28T16:37:39","guid":{"rendered":"http:\/\/wp1180065.server-he.de\/wordpress\/rockwerkstatt\/?page_id=1268"},"modified":"2022-11-21T23:14:17","modified_gmt":"2022-11-21T22:14:17","slug":"anfahrt","status":"publish","type":"page","link":"https:\/\/www.rockwerkstatt.de\/?page_id=1268","title":{"rendered":"Schlachthof"},"content":{"rendered":"\n<div class=\"wp-block-image\"><figure class=\"aligncenter is-resized\"><a href=\"http:\/\/wp1180065.server-he.de\/wordpress\/rockwerkstatt\/wp-content\/uploads\/2010\/10\/SH_aussen1.jpg\"><img loading=\"lazy\" decoding=\"async\" src=\"http:\/\/wp1180065.server-he.de\/wordpress\/rockwerkstatt\/wp-content\/uploads\/2010\/10\/SH_aussen1-300x151.jpg\" alt=\"Der Schlachthof von aussen.\" class=\"wp-image-1284\" width=\"689\" height=\"347\" srcset=\"https:\/\/www.rockwerkstatt.de\/wp-content\/uploads\/2010\/10\/SH_aussen1-300x151.jpg 300w, https:\/\/www.rockwerkstatt.de\/wp-content\/uploads\/2010\/10\/SH_aussen1.jpg 600w\" sizes=\"auto, (max-width: 689px) 100vw, 689px\" \/><\/a><figcaption><br><\/figcaption><\/figure><\/div>\n\n\n\n<p>Der ehemalige Schlachthof der Stadt Lahr wurde 1999 in enger Zusammenarbeit mit der Rockwerkstatt konzipiert und im Juni 2001 mit einem Open Air Konzert eingeweiht.<\/p>\n\n\n\n<p>Seit diesem Datum dient der Schlachthof als Basis f\u00fcr die zahlreichen Veranstaltungen der Lahrer Rockwerkstatt, die in Kooperation mit der Stadt Lahr durchgef\u00fchrt werden. Weitere Veranstaltungen diverser anderer Veranstalter runden das Kulturangebot ab.<\/p>\n\n\n\n<p>Der Veranstaltungsraum ist mit professioneller, dem internationalen Standard entsprechenden, Ton- und Lichttechnik ausgestattet. Er fasst bis zu 400 Personen (stehend) und 150 Personen (bestuhlt). Der Schlachthof besitzt zudem einen gro\u00dfen Backstagebereich mit K\u00fcche, Dusche und weitl\u00e4ufigen Aufenthaltsm\u00f6glichkeiten f\u00fcr die Bands. <\/p>\n\n\n\n<p>Ein angeschlossener Gastronomiebereich zur Bewirtung der Besucher ist dem Veranstaltungssaal vorgelagert. Das von der Rockwerkstatt verfolgte Konzept \u201eklein, aber fein\u201c findet einstimmige Zustimmung unter K\u00fcnstlern und Besuchern.<\/p>\n","protected":false},"excerpt":{"rendered":"<p>Der ehemalige Schlachthof der Stadt Lahr wurde 1999 in enger&#8230;<\/p>\n","protected":false},"author":2,"featured_media":0,"parent":0,"menu_order":50,"comment_status":"closed","ping_status":"closed","template":"","meta":{"footnotes":"","_links_to":"","_links_to_target":""},"class_list":["post-1268","page","type-page","status-publish","hentry","wpcat-1-id"],"_links":{"self":[{"href":"https:\/\/www.rockwerkstatt.de\/index.php?rest_route=\/wp\/v2\/pages\/1268","targetHints":{"allow":["GET"]}}],"collection":[{"href":"https:\/\/www.rockwerkstatt.de\/index.php?rest_route=\/wp\/v2\/pages"}],"about":[{"href":"https:\/\/www.rockwerkstatt.de\/index.php?rest_route=\/wp\/v2\/types\/page"}],"author":[{"embeddable":true,"href":"https:\/\/www.rockwerkstatt.de\/index.php?rest_route=\/wp\/v2\/users\/2"}],"replies":[{"embeddable":true,"href":"https:\/\/www.rockwerkstatt.de\/index.php?rest_route=%2Fwp%2Fv2%2Fcomments&post=1268"}],"version-history":[{"count":20,"href":"https:\/\/www.rockwerkstatt.de\/index.php?rest_route=\/wp\/v2\/pages\/1268\/revisions"}],"predecessor-version":[{"id":5800,"href":"https:\/\/www.rockwerkstatt.de\/index.php?rest_route=\/wp\/v2\/pages\/1268\/revisions\/5800"}],"wp:attachment":[{"href":"https:\/\/www.rockwerkstatt.de\/index.php?rest_route=%2Fwp%2Fv2%2Fmedia&parent=1268"}],"curies":[{"name":"wp","href":"https:\/\/api.w.org\/{rel}","templated":true}]}}

<div class="wp-block-image"><figure class="aligncenter is-resized"><a href="http://wp1180065.server-he.de/wordpress/rockwerkstatt/wp-content/uploads/2010/10/SH_aussen1.jpg"><img loading="lazy" decoding="async" src="http://wp1180065.server-he.de/wordpress/rockwerkstatt/wp-content/uploads/2010/10/SH_aussen1-300x151.jpg" alt="Der Schlachthof von aussen." class="wp-image-1284" width="689" height="347" srcset="https://www.rockwerkstatt.de/wp-content/uploads/2010/10/SH_aussen1-300x151.jpg 300w, https://www.rockwerkstatt.de/wp-content/uploads/2010/10/SH_aussen1.jpg 600w" sizes="auto, (max-width: 689px) 100vw, 689px" /></a><figcaption><br></figcaption></figure></div>



<p>Der ehemalige Schlachthof der Stadt Lahr wurde 1999 in enger Zusammenarbeit mit der Rockwerkstatt konzipiert und im Juni 2001 mit einem Open Air Konzert eingeweiht.</p>



<p>Seit diesem Datum dient der Schlachthof als Basis für die zahlreichen Veranstaltungen der Lahrer Rockwerkstatt, die in Kooperation mit der Stadt Lahr durchgeführt werden. Weitere Veranstaltungen diverser anderer Veranstalter runden das Kulturangebot ab.</p>



<p>Der Veranstaltungsraum ist mit professioneller, dem internationalen Standard entsprechenden, Ton- und Lichttechnik ausgestattet. Er fasst bis zu 400 Personen (stehend) und 150 Personen (bestuhlt). Der Schlachthof besitzt zudem einen großen Backstagebereich mit Küche, Dusche und weitläufigen Aufenthaltsmöglichkeiten für die Bands. </p>



<p>Ein angeschlossener Gastronomiebereich zur Bewirtung der Besucher ist dem Veranstaltungssaal vorgelagert. Das von der Rockwerkstatt verfolgte Konzept „klein, aber fein“ findet einstimmige Zustimmung unter Künstlern und Besuchern.</p>
