{"id":17,"date":"2010-01-19T12:14:09","date_gmt":"2010-01-19T12:14:09","guid":{"rendered":"http:\/\/wp1180065.server-he.de\/wordpress\/rockwerkstatt\/?page_id=17"},"modified":"2019-04-25T14:34:14","modified_gmt":"2019-04-25T12:34:14","slug":"der-vorstand","status":"publish","type":"page","link":"https:\/\/www.rockwerkstatt.de\/?page_id=17","title":{"rendered":"Die Vorstandsmitglieder"},"content":{"rendered":"<p><a href=\"http:\/\/wp1180065.server-he.de\/wordpress\/rockwerkstatt\/wp-content\/uploads\/2011\/05\/WoRi_hp.jpg\"><img loading=\"lazy\" decoding=\"async\" class=\"size-thumbnail wp-image-1688 alignnone\" style=\"margin: 0px; border: 1px solid #000000;\" title=\"WoRi_hp\" src=\"http:\/\/wp1180065.server-he.de\/wordpress\/rockwerkstatt\/wp-content\/uploads\/2011\/05\/WoRi_hp-150x150.jpg\" alt=\"\" width=\"100\" height=\"100\" srcset=\"https:\/\/www.rockwerkstatt.de\/wp-content\/uploads\/2011\/05\/WoRi_hp-150x150.jpg 150w, https:\/\/www.rockwerkstatt.de\/wp-content\/uploads\/2011\/05\/WoRi_hp.jpg 300w\" sizes=\"auto, (max-width: 100px) 100vw, 100px\" \/><\/a><\/p>\n<p><strong>Wolfgang Richter &#8211; 1. Vorsitzender<br \/>\n<\/strong><\/p>\n<p>Er ist einer der Gr\u00fcnder der Rockwerkstatt. Auf nahezu jeder Veranstaltung anzutreffen &#8211; er ist mitverantwortlich f\u00fcr Licht und B\u00fchnentechnik. &#8222;WoRi&#8220; plant und koordiniert au\u00dferdem das Eventgeschehen rund um die Rockwerkstatt.<\/p>\n<p>____________________________________________________________________________<\/p>\n<p><a href=\"http:\/\/wp1180065.server-he.de\/wordpress\/rockwerkstatt\/wp-content\/uploads\/2010\/08\/Taner-Demiralay.jpg\"><img loading=\"lazy\" decoding=\"async\" title=\"Taner Demiralay\" src=\"http:\/\/wp1180065.server-he.de\/wordpress\/rockwerkstatt\/wp-content\/uploads\/2010\/08\/Taner-Demiralay-150x150.jpg\" alt=\"\" width=\"104\" height=\"104\" \/><\/a><\/p>\n<p><strong>Taner Demiralay &#8211; 2. Vorsitzender<br \/>\n<\/strong><\/p>\n<p>Ihn sieht man am bei unseren Konzerten am Mischpult &#8211; aber wir nennen ihn nicht umsonst den &#8222;Alles-Taner&#8220;: Ton, Licht, Boxenbauen, Pizza backen &#8230; er kann fast alles &#8211; ehrlich!<\/p>\n<hr \/>\n<p><strong><a href=\"http:\/\/wp1180065.server-he.de\/wordpress\/rockwerkstatt\/wp-content\/uploads\/2010\/02\/sven.jpg\"><img loading=\"lazy\" decoding=\"async\" class=\"alignnone size-thumbnail wp-image-139\" style=\"margin: 0px; border: 1px solid #000000;\" title=\"Sven T\u00e4ubert\" src=\"http:\/\/wp1180065.server-he.de\/wordpress\/rockwerkstatt\/wp-content\/uploads\/2010\/02\/sven-150x150.jpg\" alt=\"Sven T\u00e4ubert\" width=\"100\" height=\"100\" srcset=\"https:\/\/www.rockwerkstatt.de\/wp-content\/uploads\/2010\/02\/sven-150x150.jpg 150w, https:\/\/www.rockwerkstatt.de\/wp-content\/uploads\/2010\/02\/sven.jpg 200w\" sizes=\"auto, (max-width: 100px) 100vw, 100px\" \/><\/a><\/strong><\/p>\n<p><strong>Sven T\u00e4ubert &#8211; Schatzmeister<br \/>\n<\/strong><\/p>\n<p>Zuverl\u00e4ssigkeit hat einen Namen! Sven k\u00fcmmert sich um die Kasse und das &#8222;Verm\u00f6gen&#8220; der LRw. Er genie\u00dft seit vielen Jahren vollstes Vertrauen in der Rockwerkstatt.<\/p>\n<hr \/>\n<p><a href=\"http:\/\/wp1180065.server-he.de\/wordpress\/rockwerkstatt\/wp-content\/uploads\/2016\/01\/Nik-Wilhelm_hp.jpg\"><img loading=\"lazy\" decoding=\"async\" src=\"http:\/\/wp1180065.server-he.de\/wordpress\/rockwerkstatt\/wp-content\/uploads\/2016\/01\/Nik-Wilhelm_hp-150x150.jpg\" alt=\"Nik-Wilhelm_hp\" width=\"100\" height=\"100\" \/><\/a><\/p>\n<p><strong>Nicolaus Wilhelm &#8211; Schriftf\u00fchrer<br \/>\n<\/strong><\/p>\n<p>Sozusagen das fehlende Glied in der Kette &#8211; mit seinem musikalischen Wissen &#8222;jenseits&#8220; der Rockmusik und seiner Erfahrung &#8230;<\/p>\n<p>Au\u00dferdem haben wir endlich jetzt auch jemand der zu Beginn der Konzerte die Bands ansagt.<\/p>\n<hr \/>\n<p><strong><a href=\"http:\/\/wp1180065.server-he.de\/wordpress\/rockwerkstatt\/wp-content\/uploads\/2018\/03\/Heike-Dorow-HP.jpg\"><img loading=\"lazy\" decoding=\"async\" class=\"wp-image-4726 alignnone\" style=\"margin: 0px; border: 1px solid #000000;\" src=\"http:\/\/wp1180065.server-he.de\/wordpress\/rockwerkstatt\/wp-content\/uploads\/2018\/03\/Heike-Dorow-HP-150x150.jpg\" alt=\"Heike-Dorow-HP\" width=\"100\" height=\"100\" srcset=\"https:\/\/www.rockwerkstatt.de\/wp-content\/uploads\/2018\/03\/Heike-Dorow-HP-150x150.jpg 150w, https:\/\/www.rockwerkstatt.de\/wp-content\/uploads\/2018\/03\/Heike-Dorow-HP.jpg 300w\" sizes=\"auto, (max-width: 100px) 100vw, 100px\" \/><\/a><br \/>\n<\/strong><\/p>\n<p><strong>Heike Dorow &#8211; Beisitzerin<br \/>\n<\/strong><\/p>\n<p>Die gute Seele der Rockwerkstatt &#8211;\u00a0 Backstage und auch sonst ist sie der Boss!<\/p>\n<hr \/>\n<p><a href=\"http:\/\/wp1180065.server-he.de\/wordpress\/rockwerkstatt\/wp-content\/uploads\/2018\/03\/Adrian-Schaub-HP.jpg\"><img loading=\"lazy\" decoding=\"async\" class=\"wp-image-4727 alignnone\" style=\"margin: 0px; border: 1px solid #000000;\" src=\"http:\/\/wp1180065.server-he.de\/wordpress\/rockwerkstatt\/wp-content\/uploads\/2018\/03\/Adrian-Schaub-HP-150x150.jpg\" alt=\"Adrian-Schaub-HP\" width=\"100\" height=\"100\" srcset=\"https:\/\/www.rockwerkstatt.de\/wp-content\/uploads\/2018\/03\/Adrian-Schaub-HP-150x150.jpg 150w, https:\/\/www.rockwerkstatt.de\/wp-content\/uploads\/2018\/03\/Adrian-Schaub-HP.jpg 300w\" sizes=\"auto, (max-width: 100px) 100vw, 100px\" \/><\/a><\/p>\n<p><strong>Adrian Schaub &#8211; Beisitzer<br \/>\n<\/strong><\/p>\n<p>Unser J\u00fcngster. Man trifft ihn am Ton- oder Lichtpult bei uns oder seiner Firma &#8222;Schaub Licht- und Tontechnik&#8220;. NIcht zu vergessen: Adrian spielt nat\u00fcrlich auch noch Keyboard bei verschiedenen musikalischen Projekten.<\/p>\n<hr \/>\n<p><strong>\u00a0<a href=\"http:\/\/wp1180065.server-he.de\/wordpress\/rockwerkstatt\/wp-content\/uploads\/2019\/04\/marion.jpg\"><img loading=\"lazy\" decoding=\"async\" class=\" wp-image-5878 alignleft\" src=\"http:\/\/wp1180065.server-he.de\/wordpress\/rockwerkstatt\/wp-content\/uploads\/2019\/04\/marion-150x150.jpg\" alt=\"\" width=\"112\" height=\"112\" srcset=\"https:\/\/www.rockwerkstatt.de\/wp-content\/uploads\/2019\/04\/marion-150x150.jpg 150w, https:\/\/www.rockwerkstatt.de\/wp-content\/uploads\/2019\/04\/marion-100x100.jpg 100w, https:\/\/www.rockwerkstatt.de\/wp-content\/uploads\/2019\/04\/marion.jpg 200w\" sizes=\"auto, (max-width: 112px) 100vw, 112px\" \/><\/a><\/strong><\/p>\n<p><strong>Marion G\u00f6hringer &#8211; Beisitzerin<br \/>\n<\/strong><\/p>\n<p>Sie ist unser Neuzugang 2019 &#8211; man findet sie sehr oft an der Kasse bzw. am Einlass.<\/p>\n","protected":false},"excerpt":{"rendered":"<p>Wolfgang Richter &#8211; 1. Vorsitzender Er ist einer der Gr\u00fcnder&#8230;<\/p>\n","protected":false},"author":1,"featured_media":0,"parent":2,"menu_order":200,"comment_status":"closed","ping_status":"open","template":"","meta":{"footnotes":"","_links_to":"","_links_to_target":""},"class_list":["post-17","page","type-page","status-publish","hentry","wpcat-1-id"],"_links":{"self":[{"href":"https:\/\/www.rockwerkstatt.de\/index.php?rest_route=\/wp\/v2\/pages\/17","targetHints":{"allow":["GET"]}}],"collection":[{"href":"https:\/\/www.rockwerkstatt.de\/index.php?rest_route=\/wp\/v2\/pages"}],"about":[{"href":"https:\/\/www.rockwerkstatt.de\/index.php?rest_route=\/wp\/v2\/types\/page"}],"author":[{"embeddable":true,"href":"https:\/\/www.rockwerkstatt.de\/index.php?rest_route=\/wp\/v2\/users\/1"}],"replies":[{"embeddable":true,"href":"https:\/\/www.rockwerkstatt.de\/index.php?rest_route=%2Fwp%2Fv2%2Fcomments&post=17"}],"version-history":[{"count":99,"href":"https:\/\/www.rockwerkstatt.de\/index.php?rest_route=\/wp\/v2\/pages\/17\/revisions"}],"predecessor-version":[{"id":5993,"href":"https:\/\/www.rockwerkstatt.de\/index.php?rest_route=\/wp\/v2\/pages\/17\/revisions\/5993"}],"up":[{"embeddable":true,"href":"https:\/\/www.rockwerkstatt.de\/index.php?rest_route=\/wp\/v2\/pages\/2"}],"wp:attachment":[{"href":"https:\/\/www.rockwerkstatt.de\/index.php?rest_route=%2Fwp%2Fv2%2Fmedia&parent=17"}],"curies":[{"name":"wp","href":"https:\/\/api.w.org\/{rel}","templated":true}]}}

<p><a href="http://wp1180065.server-he.de/wordpress/rockwerkstatt/wp-content/uploads/2011/05/WoRi_hp.jpg"><img loading="lazy" decoding="async" class="size-thumbnail wp-image-1688 alignnone" style="margin: 0px; border: 1px solid #000000;" title="WoRi_hp" src="http://wp1180065.server-he.de/wordpress/rockwerkstatt/wp-content/uploads/2011/05/WoRi_hp-150x150.jpg" alt="" width="100" height="100" srcset="https://www.rockwerkstatt.de/wp-content/uploads/2011/05/WoRi_hp-150x150.jpg 150w, https://www.rockwerkstatt.de/wp-content/uploads/2011/05/WoRi_hp.jpg 300w" sizes="auto, (max-width: 100px) 100vw, 100px" /></a></p>
<p><strong>Wolfgang Richter &#8211; 1. Vorsitzender<br />
</strong></p>
<p>Er ist einer der Gründer der Rockwerkstatt. Auf nahezu jeder Veranstaltung anzutreffen &#8211; er ist mitverantwortlich für Licht und Bühnentechnik. &#8222;WoRi&#8220; plant und koordiniert außerdem das Eventgeschehen rund um die Rockwerkstatt.</p>
<p>____________________________________________________________________________</p>
<p><a href="http://wp1180065.server-he.de/wordpress/rockwerkstatt/wp-content/uploads/2010/08/Taner-Demiralay.jpg"><img loading="lazy" decoding="async" title="Taner Demiralay" src="http://wp1180065.server-he.de/wordpress/rockwerkstatt/wp-content/uploads/2010/08/Taner-Demiralay-150x150.jpg" alt="" width="104" height="104" /></a></p>
<p><strong>Taner Demiralay &#8211; 2. Vorsitzender<br />
</strong></p>
<p>Ihn sieht man am bei unseren Konzerten am Mischpult &#8211; aber wir nennen ihn nicht umsonst den &#8222;Alles-Taner&#8220;: Ton, Licht, Boxenbauen, Pizza backen &#8230; er kann fast alles &#8211; ehrlich!</p>
<hr />
<p><strong><a href="http://wp1180065.server-he.de/wordpress/rockwerkstatt/wp-content/uploads/2010/02/sven.jpg"><img loading="lazy" decoding="async" class="alignnone size-thumbnail wp-image-139" style="margin: 0px; border: 1px solid #000000;" title="Sven Täubert" src="http://wp1180065.server-he.de/wordpress/rockwerkstatt/wp-content/uploads/2010/02/sven-150x150.jpg" alt="Sven Täubert" width="100" height="100" srcset="https://www.rockwerkstatt.de/wp-content/uploads/2010/02/sven-150x150.jpg 150w, https://www.rockwerkstatt.de/wp-content/uploads/2010/02/sven.jpg 200w" sizes="auto, (max-width: 100px) 100vw, 100px" /></a></strong></p>
<p><strong>Sven Täubert &#8211; Schatzmeister<br />
</strong></p>
<p>Zuverlässigkeit hat einen Namen! Sven kümmert sich um die Kasse und das &#8222;Vermögen&#8220; der LRw. Er genießt seit vielen Jahren vollstes Vertrauen in der Rockwerkstatt.</p>
<hr />
<p><a href="http://wp1180065.server-he.de/wordpress/rockwerkstatt/wp-content/uploads/2016/01/Nik-Wilhelm_hp.jpg"><img loading="lazy" decoding="async" src="http://wp1180065.server-he.de/wordpress/rockwerkstatt/wp-content/uploads/2016/01/Nik-Wilhelm_hp-150x150.jpg" alt="Nik-Wilhelm_hp" width="100" height="100" /></a></p>
<p><strong>Nicolaus Wilhelm &#8211; Schriftführer<br />
</strong></p>
<p>Sozusagen das fehlende Glied in der Kette &#8211; mit seinem musikalischen Wissen &#8222;jenseits&#8220; der Rockmusik und seiner Erfahrung &#8230;</p>
<p>Außerdem haben wir endlich jetzt auch jemand der zu Beginn der Konzerte die Bands ansagt.</p>
<hr />
<p><strong><a href="http://wp1180065.server-he.de/wordpress/rockwerkstatt/wp-content/uploads/2018/03/Heike-Dorow-HP.jpg"><img loading="lazy" decoding="async" class="wp-image-4726 alignnone" style="margin: 0px; border: 1px solid #000000;" src="http://wp1180065.server-he.de/wordpress/rockwerkstatt/wp-content/uploads/2018/03/Heike-Dorow-HP-150x150.jpg" alt="Heike-Dorow-HP" width="100" height="100" srcset="https://www.rockwerkstatt.de/wp-content/uploads/2018/03/Heike-Dorow-HP-150x150.jpg 150w, https://www.rockwerkstatt.de/wp-content/uploads/2018/03/Heike-Dorow-HP.jpg 300w" sizes="auto, (max-width: 100px) 100vw, 100px" /></a><br />
</strong></p>
<p><strong>Heike Dorow &#8211; Beisitzerin<br />
</strong></p>
<p>Die gute Seele der Rockwerkstatt &#8211;  Backstage und auch sonst ist sie der Boss!</p>
<hr />
<p><a href="http://wp1180065.server-he.de/wordpress/rockwerkstatt/wp-content/uploads/2018/03/Adrian-Schaub-HP.jpg"><img loading="lazy" decoding="async" class="wp-image-4727 alignnone" style="margin: 0px; border: 1px solid #000000;" src="http://wp1180065.server-he.de/wordpress/rockwerkstatt/wp-content/uploads/2018/03/Adrian-Schaub-HP-150x150.jpg" alt="Adrian-Schaub-HP" width="100" height="100" srcset="https://www.rockwerkstatt.de/wp-content/uploads/2018/03/Adrian-Schaub-HP-150x150.jpg 150w, https://www.rockwerkstatt.de/wp-content/uploads/2018/03/Adrian-Schaub-HP.jpg 300w" sizes="auto, (max-width: 100px) 100vw, 100px" /></a></p>
<p><strong>Adrian Schaub &#8211; Beisitzer<br />
</strong></p>
<p>Unser Jüngster. Man trifft ihn am Ton- oder Lichtpult bei uns oder seiner Firma &#8222;Schaub Licht- und Tontechnik&#8220;. NIcht zu vergessen: Adrian spielt natürlich auch noch Keyboard bei verschiedenen musikalischen Projekten.</p>
<hr />
<p><strong> <a href="http://wp1180065.server-he.de/wordpress/rockwerkstatt/wp-content/uploads/2019/04/marion.jpg"><img loading="lazy" decoding="async" class=" wp-image-5878 alignleft" src="http://wp1180065.server-he.de/wordpress/rockwerkstatt/wp-content/uploads/2019/04/marion-150x150.jpg" alt="" width="112" height="112" srcset="https://www.rockwerkstatt.de/wp-content/uploads/2019/04/marion-150x150.jpg 150w, https://www.rockwerkstatt.de/wp-content/uploads/2019/04/marion-100x100.jpg 100w, https://www.rockwerkstatt.de/wp-content/uploads/2019/04/marion.jpg 200w" sizes="auto, (max-width: 112px) 100vw, 112px" /></a></strong></p>
<p><strong>Marion Göhringer &#8211; Beisitzerin<br />
</strong></p>
<p>Sie ist unser Neuzugang 2019 &#8211; man findet sie sehr oft an der Kasse bzw. am Einlass.</p>

<p>Wolfgang Richter &#8211; 1. Vorsitzender Er ist einer der Gründer&#8230;</p>
