{"id":4555,"date":"2010-01-20T15:48:55","date_gmt":"2010-01-20T14:48:55","guid":{"rendered":"http:\/\/wp1180065.server-he.de\/wordpress\/rockwerkstatt\/?page_id=4555"},"modified":"2025-11-18T22:44:01","modified_gmt":"2025-11-18T21:44:01","slug":"wie-werde-ich-mitglied","status":"publish","type":"page","link":"https:\/\/www.rockwerkstatt.de\/?page_id=4555","title":{"rendered":"Mitglied werden?"},"content":{"rendered":"<p>Du m\u00f6chtest bei uns Mitglied werden? Klicke die folgende PDF Datei an:\u00a0 <a href=\"https:\/\/www.rockwerkstatt.de\/wp-content\/uploads\/2025\/11\/Beitritt2025.pdf\">Beitritt2025<\/a><\/p>\n<p>Nat\u00fcrlich ist das nicht kostenlos, aber 10,- bzw. 16,- Euro im Jahr sind auch nicht gerade viel und &#8230; es lohnt sich! Besonders wenn Du unsere Arbeit unterst\u00fctzen willst. Au\u00dferdem bekommst du als Mitglied bei allen unseren Veranstaltungen den erm\u00e4\u00dfigten Eintrittspreis.<\/p>\n<p>Einfach die PDF ausdrucken, ausf\u00fcllen und an die Adresse auf dem Formular schicken.<\/p>\n","protected":false},"excerpt":{"rendered":"<p>Du m\u00f6chtest bei uns Mitglied werden? Klicke die folgende PDF&#8230;<\/p>\n","protected":false},"author":2,"featured_media":0,"parent":2,"menu_order":300,"comment_status":"closed","ping_status":"closed","template":"","meta":{"footnotes":"","_links_to":"","_links_to_target":""},"class_list":["post-4555","page","type-page","status-publish","hentry"],"_links":{"self":[{"href":"https:\/\/www.rockwerkstatt.de\/index.php?rest_route=\/wp\/v2\/pages\/4555","targetHints":{"allow":["GET"]}}],"collection":[{"href":"https:\/\/www.rockwerkstatt.de\/index.php?rest_route=\/wp\/v2\/pages"}],"about":[{"href":"https:\/\/www.rockwerkstatt.de\/index.php?rest_route=\/wp\/v2\/types\/page"}],"author":[{"embeddable":true,"href":"https:\/\/www.rockwerkstatt.de\/index.php?rest_route=\/wp\/v2\/users\/2"}],"replies":[{"embeddable":true,"href":"https:\/\/www.rockwerkstatt.de\/index.php?rest_route=%2Fwp%2Fv2%2Fcomments&post=4555"}],"version-history":[{"count":9,"href":"https:\/\/www.rockwerkstatt.de\/index.php?rest_route=\/wp\/v2\/pages\/4555\/revisions"}],"predecessor-version":[{"id":9286,"href":"https:\/\/www.rockwerkstatt.de\/index.php?rest_route=\/wp\/v2\/pages\/4555\/revisions\/9286"}],"up":[{"embeddable":true,"href":"https:\/\/www.rockwerkstatt.de\/index.php?rest_route=\/wp\/v2\/pages\/2"}],"wp:attachment":[{"href":"https:\/\/www.rockwerkstatt.de\/index.php?rest_route=%2Fwp%2Fv2%2Fmedia&parent=4555"}],"curies":[{"name":"wp","href":"https:\/\/api.w.org\/{rel}","templated":true}]}}