{"id":5,"date":"2010-01-18T20:13:08","date_gmt":"2010-01-18T19:13:08","guid":{"rendered":"http:\/\/wp1180065.server-he.de\/wordpress\/rockwerkstatt\/?page_id=5"},"modified":"2022-11-21T23:16:14","modified_gmt":"2022-11-21T22:16:14","slug":"impressum","status":"publish","type":"page","link":"https:\/\/www.rockwerkstatt.de\/?page_id=5","title":{"rendered":"Impressum"},"content":{"rendered":"<p>Das Landgericht Hamburg hat mit Urteil vom 12.05.1998 entschieden, dass man durch die Anbringung bzw. Ausbringung von Links, die Inhalte der gelinkten Seite ggf. mit zu verantworten hat. Wir haben auf der Internetpr\u00e4senz www.rockwerkstatt.de Links zu anderen Seiten im Internet angelegt bzw. lassen es zu, dass Pr\u00e4senzen der verlinkten Seiten integriert werden. F\u00fcr alle diese WebPageLinks gilt:<\/p>\n<p>&#8222;Die Lahrer Rockwerkstatt e.V. ist als Inhaltsanbieter f\u00fcr die eigenen Inhalte, die es zur Nutzung bereith\u00e4lt, nach den allgemeinen Gesetzen verantwortlich. Von diesen eigenen Inhalten sind Querverweise (&#8222;Links&#8220;) auf die von anderen Anbietern bereitgehaltenen Inhalte zu unterscheiden. Diese fremden Inhalte stammen weder von der Lahrer Rockwerkstatt, noch hat die Lahrer Rockwerkstatt die M\u00f6glichkeit, den Inhalt von Seiten Dritter zu beeinflussen. Die Inhalte fremder Seiten, auf die die Lahrer Rockwerkstatt mittels Links hinweist, spiegeln nicht die Meinung des Vereins wider, sondern dienen lediglich der Information und der Darstellung von Zusammenh\u00e4ngen. Zum Zeitpunkt der Verlinkung enthielt keine der verlinkten Seiten (f\u00fcr uns ersichtliche) rechtswidrige Inhalte. Sollten nun Inhalte auf verlinkten Seiten rechtswidriges Material enthalten, so bitten wir um eine Mitteilung, damit der Link auf unserer Pr\u00e4senz umgehend entfernt werden kann. Alle verwendeten Warenzeichen, registrierte Warenzeichen und Logos sind Eigentum Ihrer Besitzer. Sollten irgendwelche Ver\u00f6ffentlichungen hier auf unserer Homepage mit Urheberrechten versehen sein, so bitte wir dies zu entschuldigen und uns per E-Mail zu informieren, sie werden dann umgehend entfernt!&#8220;<\/p>\n<h2>Angaben gem\u00e4\u00df \u00a7 5 TMG:<\/h2>\n<p>Lahrer Rockwerkstatt e.V.<br \/>\nM\u00fcnstertalstra\u00dfe, 25<br \/>\nD-77975 \u00a0Ettenheim<\/p>\n<h4>Vertreten durch:<\/h4>\n<p>Wolfgang Richter, 1. Vorstand und durch<br \/>\nTaner Demiralay, 2. Vorstand<\/p>\n<h4>Kontakt:<\/h4>\n<p><a title=\"Mail\" href=\"http:\/\/wp1180065.server-he.de\/wordpress\/rockwerkstatt\/?page_id=845\" rel=\"http:\/\/wp1180065.server-he.de\/wordpress\/rockwerkstatt\/?page_id=845\"><img loading=\"lazy\" decoding=\"async\" class=\"alignnone size-full wp-image-917\" style=\"margin: 0px; border: 0px none currentColor;\" title=\"mailimage\" src=\"http:\/\/wp1180065.server-he.de\/wordpress\/rockwerkstatt\/wp-content\/uploads\/2010\/04\/mailimage.jpg\" alt=\"\" width=\"158\" height=\"12\" srcset=\"https:\/\/www.rockwerkstatt.de\/wp-content\/uploads\/2010\/04\/mailimage.jpg 158w, https:\/\/www.rockwerkstatt.de\/wp-content\/uploads\/2010\/04\/mailimage-150x12.jpg 150w\" sizes=\"auto, (max-width: 158px) 100vw, 158px\" \/><\/a><\/p>\n<h4>Verantwortlich f\u00fcr den Inhalt nach \u00a7 55 Abs. 2 RStV:<\/h4>\n<p>Wolfgang Richter<br \/>\nM\u00fcnstertalstra\u00dfe 25<br \/>\nD-77975 Ettenheim<\/p>\n<h4>Haftungsausschluss:<\/h4>\n<p><strong>Haftung f\u00fcr Inhalte<\/strong><\/p>\n<p>Die Inhalte unserer Seiten wurden mit gr\u00f6\u00dfter Sorgfalt erstellt. F\u00fcr die Richtigkeit, Vollst\u00e4ndigkeit und Aktualit\u00e4t der Inhalte k\u00f6nnen wir jedoch keine Gew\u00e4hr \u00fcbernehmen. Als Diensteanbieter sind wir gem\u00e4\u00df \u00a7 7 Abs.1 TMG f\u00fcr eigene Inhalte auf diesen Seiten nach den allgemeinen Gesetzen verantwortlich. Nach \u00a7\u00a7 8 bis 10 TMG sind wir als Diensteanbieter jedoch nicht verpflichtet, \u00fcbermittelte oder gespeicherte fremde Informationen zu \u00fcberwachen oder nach Umst\u00e4nden zu forschen, die auf eine rechtswidrige T\u00e4tigkeit hinweisen. Verpflichtungen zur Entfernung oder Sperrung der Nutzung von Informationen nach den allgemeinen Gesetzen bleiben hiervon unber\u00fchrt. Eine diesbez\u00fcgliche Haftung ist jedoch erst ab dem Zeitpunkt der Kenntnis einer konkreten Rechtsverletzung m\u00f6glich. Bei Bekanntwerden von entsprechenden Rechtsverletzungen werden wir diese Inhalte umgehend entfernen.<\/p>\n<p><strong>Haftung f\u00fcr Links<\/strong><\/p>\n<p>Unser Angebot enth\u00e4lt Links zu externen Webseiten Dritter, auf deren Inhalte wir keinen Einfluss haben. Deshalb k\u00f6nnen wir f\u00fcr diese fremden Inhalte auch keine Gew\u00e4hr \u00fcbernehmen. F\u00fcr die Inhalte der verlinkten Seiten ist stets der jeweilige Anbieter oder Betreiber der Seiten verantwortlich. Die verlinkten Seiten wurden zum Zeitpunkt der Verlinkung auf m\u00f6gliche Rechtsverst\u00f6\u00dfe \u00fcberpr\u00fcft. Rechtswidrige Inhalte waren zum Zeitpunkt der Verlinkung nicht erkennbar. Eine permanente inhaltliche Kontrolle der verlinkten Seiten ist jedoch ohne konkrete Anhaltspunkte einer Rechtsverletzung nicht zumutbar. Bei Bekanntwerden von Rechtsverletzungen werden wir derartige Links umgehend entfernen.<\/p>\n<p><strong>Urheberrecht<\/strong><\/p>\n<p>Die durch die Seitenbetreiber erstellten Inhalte und Werke auf diesen Seiten unterliegen dem deutschen Urheberrecht. Die Vervielf\u00e4ltigung, Bearbeitung, Verbreitung und jede Art der Verwertung au\u00dferhalb der Grenzen des Urheberrechtes bed\u00fcrfen der schriftlichen Zustimmung des jeweiligen Autors bzw. Erstellers. Downloads und Kopien dieser Seite sind nur f\u00fcr den privaten, nicht kommerziellen Gebrauch gestattet. Soweit die Inhalte auf dieser Seite nicht vom Betreiber erstellt wurden, werden die Urheberrechte Dritter beachtet. Insbesondere werden Inhalte Dritter als solche gekennzeichnet. Sollten Sie trotzdem auf eine Urheberrechtsverletzung aufmerksam werden, bitten wir um einen entsprechenden Hinweis. Bei Bekanntwerden von Rechtsverletzungen werden wir derartige Inhalte umgehend entfernen.<\/p>\n<p><strong>Datenschutz<\/strong><\/p>\n<p>Siehe unseren entsprechenden Reiter &#8222;Datenschutz&#8220;<\/p>\n","protected":false},"excerpt":{"rendered":"<p>Das Landgericht Hamburg hat mit Urteil vom 12.05.1998 entschieden, dass&#8230;<\/p>\n","protected":false},"author":1,"featured_media":0,"parent":0,"menu_order":1000,"comment_status":"closed","ping_status":"closed","template":"","meta":{"footnotes":"","_links_to":"","_links_to_target":""},"class_list":["post-5","page","type-page","status-publish","hentry","wpcat-1-id"],"_links":{"self":[{"href":"https:\/\/www.rockwerkstatt.de\/index.php?rest_route=\/wp\/v2\/pages\/5","targetHints":{"allow":["GET"]}}],"collection":[{"href":"https:\/\/www.rockwerkstatt.de\/index.php?rest_route=\/wp\/v2\/pages"}],"about":[{"href":"https:\/\/www.rockwerkstatt.de\/index.php?rest_route=\/wp\/v2\/types\/page"}],"author":[{"embeddable":true,"href":"https:\/\/www.rockwerkstatt.de\/index.php?rest_route=\/wp\/v2\/users\/1"}],"replies":[{"embeddable":true,"href":"https:\/\/www.rockwerkstatt.de\/index.php?rest_route=%2Fwp%2Fv2%2Fcomments&post=5"}],"version-history":[{"count":23,"href":"https:\/\/www.rockwerkstatt.de\/index.php?rest_route=\/wp\/v2\/pages\/5\/revisions"}],"predecessor-version":[{"id":7580,"href":"https:\/\/www.rockwerkstatt.de\/index.php?rest_route=\/wp\/v2\/pages\/5\/revisions\/7580"}],"wp:attachment":[{"href":"https:\/\/www.rockwerkstatt.de\/index.php?rest_route=%2Fwp%2Fv2%2Fmedia&parent=5"}],"curies":[{"name":"wp","href":"https:\/\/api.w.org\/{rel}","templated":true}]}}